f (-3 - -2) + (54 - 57)?
-4
2 + 10 + -1 + -7 + (0 - -8)
12
Evaluate (-23 - (22 - 16)) + 31.
2
Evaluate -471 - -468 - (1 + -1 - 15).
12
Calculate -7 + (69 + -78 - (1 + -6)).
-11
What is (7 - 13) + (-3 - (1 + -6)) - -6?
2
What is the value of 4 + -6 - -4 - (14 + (2 - 2))?
-12
Evaluate 10 + 5 + -3 + (-5 - -2).
9
What is the value of (-2 - (-5 + 3) - 6) + (-81 - -76)?
-11
Calculate (9 - (9 + 16)) + 26 + -20.
-10
What is the value of 0 - (1 - 4) - (-74 - -69)?
8
Evaluate 11 - (12 - (11 - 2)).
8
(-29 - -11) + 6 + -2
-14
What is -21 - (-10 - (-1 - -6))?
-6
(-6 - -7 - 6) + (-21 - -12)
-14
-6 + 3 + (-14 - -26)
9
Calculate -6 + (10 - 10) + 11.
5
-6 - (9 - (-9 + 7))
-17
What is the value of 0 + 3 + 8 + -6 + (-10 - -11)?
6
18 + -6 - -1 - 14
-1
What is the value of (-1 - -12) + -2 - (-73 + 43 - -37)?
2
What is -11 + (-11 - (-6 - 0)) - (-5 - -3)?
-14
What is the value of (44 - -3 - 42) + (-3 - -1) + 16?
19
What is 27 + 1 - (274 + -272)?
26
What is the value of -16 + (7 + 18 - 14) + 29 + 0?
24
What is -6 + 4 - (13 + -2 - 6)?
-7
Calculate (58 - (-5 - -68)) + (2 - 1 - -22).
18
7 + -12 + 6 + 1
2
What is -151 + 154 - (-1 - 9)?
13
-18 + 51 + -15 - 18
0
-5 + (-1 - -9 - 14) + 4 + 1
-6
What is the value of -5 - -1 - (-2 + -11 - -4 - 5)?
10
What is -739 + 727 + (-1 - -2 - 6)?
-17
-10 + 22 + (-1 + -12 - -14)
13
-17 + (25 - 6) - 18
-16
Calculate 3 - (4 - -3) - (-90 - -88).
-2
What is the value of -16 - 0 - (-10 + 53 - 26)?
-33
Calculate -28 - (-26 + -1 + 18).
-19
Calculate (-6 + -3 + 4 - (-4 - 9)) + -12.
-4
Evaluate 26 + (19 + -43 - 15).
-13
(-8 - (5 + -12) - (-4 - -8)) + -2
-7
What is the value of 6 + -3 + -8 + 12 + (-3 - 10)?
-6
What is the value of 14 - 4 - (6 + (-12 - -22))?
-6
Evaluate 14 - (11 + (-11 - -14)).
0
What is the value of (5 - -2) + (16 - 8) + -14?
1
What is -2 - -7 - (-39 + 39)?
5
What is the value of -13 - (-24 + 15 - 17)?
13
Calculate 10 - (9 - (-9 - -7 - (-6 - 0))).
5
What is the value of 1 + 27 + (-28 - -21)?
21
Evaluate -14 + 8 + -22 + 21.
-7
(2 - 4) + 6 - (33 + -27) - 6
-8
-10 - (0 - (-10 + -10 + 9))
-21
What is (-3 + (-7 - -17) - 2) + 0?
5
What is 9 + -26 + (-3 - -16)?
-4
Calculate 63 - (-15 - (-30 - 18)).
30
Calculate 13 - (4 - 5) - ((-2 - -3) + 5).
8
158 + -169 - (-10 - -2)
-3
Evaluate -6 - (-6 + 2 + (8 - 8) - -7).
-9
What is the value of -19 - (-37 + 9 - 0)?
9
Evaluate -2 - 2 - (-27 - -20) - 11 - -39.
31
Evaluate 116 - 82 - (68 - -2).
-36
Evaluate 5 - (8 - 22 - -8).
11
Evaluate ((2 - 26) + 26 - (6 - -1)) + -12.
-17
What is -5 - (5 + 50 + -52 + (-15 - 1))?
8
1 + (1 - 9) + -31 + 33
-5
Calculate -16 - (10 + -4 - 14).
-8
Evaluate (14 + 2 - 3) + (63 - 63).
13
(8 - (24 - -16)) + 19
-13
Evaluate -15 - (-14 + -8 + -22).
29
Calculate -23 + (-27 - (-102 + 36)).
16
18 - (27 + -57 - -53)
-5
61 - 63 - (-3 - -5)
-4
What is (1 - -5) + (0 - -6 - (13 - 6))?
5
Evaluate -10 - (-27 + (17 - (26 - 12))).
14
What is -24 - -1 - (-1189 - -1194)?
-28
(-3 - -75) + -14 + -27
31
Evaluate 10 + 1 - (-5 - (-6 + -4)).
6
(-337 - -324) + 17 + 1
5
(3 - 3) + -7 - (-15 + 35 + -17)
-10
What is -19 + (2 - 6) + 56 + -41?
-8
What is the value of (-6 + 9 - 6) + -7?
-10
What is the value of -1 - (1 + -10) - (-133 + 143)?
-2
(28 + -32 + -9 - (-5 - -2)) + 9
-1
Evaluate -338 + 338 - (2 + -26).
24
What is 15 + 6 + 18 + -12?
27
(28 - 11 - 28) + -1 + 1 + 2
-9
What is -23 + 2 + 0 - -10?
-11
Evaluate 7 + 9 - (-6 - -7).
15
Evaluate (20 - 12) + -28 + 21.
1
What is -14 + -12 + 26 - -7?
7
(3 - 1) + (23 - (20 - -9))
-4
Evaluate (573 - 562) + 0 + 1 + -33.
-21
What is the value of -3 - 14 - -2 - -7 - 4 - -1?
-11
What is the value of -1 + -1 + 7 + -1 + -11?
-7
What is the value of -1 + -21 - (-14 + -4 + 1)?
-5
What is (12 - (1 - -4)) + -2?
5
What is 11 + 6 + -18 + -4?
-5
Evaluate 3 - (26 - 7 - 4 - 0).
-12
What is -7 - (39 + -45 + 4 + 2 + -1)?
-6
Calculate -2 + (16 - 10 - 15) + 21.
10
Evaluate 177 + -197 + (-3 - -27).
4
Evaluate -5 - (45 + -1 - 48).
-1
Calculate -10 - (-11 + 17) - -10 - 7.
-13
Calculate (15 - 5 - 1 - (2 - 1)) + 1.
9
Evaluate (13 - -4) + -2 + 0 - (-10 + 11).
14
-9 - (-2 - -5) - (-27 + 30) - -4
-11
Calculate 11 - ((8 - 20) + 7).
16
Evaluate -35 + 3 + -35 + 40.
-27
Evaluate -9 + -17 + 41 + -47.
-32
What is the value of (-2 - -10) + 37 - 56?
-11
Evaluate 1 + 0 + (-11 + -23 - -27).
-6
What is 12 + (2 - (50 - 3)) + 9?
-24
6 - 25 - -18 - (-2 - -8)
-7
Evaluate 6 - (18 + (-36 - -19)).
5
What is 19 + -15 - (-1 - -13) - 2 - -2?
-8
What is the value of (4 - 2) + 199 + -215?
-14
Evaluate 7 - (-1 - 0) - (4 + 0).
4
(-2 + -43 - -4) + 28
-13
-10 - -10 - (-1 + 16 + (62 - 66))
-11
Evaluate 17 - (6 + -28 - -53).
-14
1 - (32 + (-2 - 22))
-7
What is the value of (-2 - 8) + (-4 - ((-11 - -18) + -2))?
-19
Evaluate -2 - (45 + -20 + -42).
15
-12 - (-28 + (-20 - -24))
12
What is -28 - (-10 + -92 + 93 + (3 - -2))?
-24
Calculate 154 - 139 - (-1 + 2).
14
What is (3 - -6 - 6 - 15) + 13?
1
Calculate 6 - (0 - -4 - 5) - -4.
11
Calculate -1 + (1 - (-6 + 4)) - (17 + -22).
7
What is 20 + -20 + (-1 - 4) + 5 - 5?
-5
-2 + -4 - (11 + -10) - -5 - -3
1
6 + (-15 - -8) + -11
-12
Calculate (96 - 113) + 14 + 0.
-3
What is the value of 2 - 2 - (-1 + (4 - -2)) - -10?
5
Evaluate (0 - -1) + (-11 - (-28 - -22)).
-4
What is the value of 3 - (-1 + 3) - -3 - (-19 + -3)?
26
What is the value of (10 - 3 - -10) + -14?
3
What is the value of (-23 - -13) + 28 + -4?
14
Evaluate -19 + -1 + -2 - (-27 + 22).
-17
What is 9 + -1 - (-113 - -119) - 9?
-7
What is the value of -3 - -18 - (6 + -19 - -47)?
-19
Evaluate 1 + 12 - (-303 + 315).
1
Calculate -28 + 9 + 25 + 5 - 16.
-5
Calculate 5 + 24 + -12 + -3 + -7.
7
-5 + 16 + 0 + -6
5
What is the value of -9 + (0 - -3) + 34 + (-30 - -4)?
2
(10 + -6 - 10) + 4 + -18 + 14
-6
Evaluate 6 + (-18 - (9 - 28 - -11)) + 2.
-2
-11 - (-8 + 5) - (1 + -16 + -4)
11
What is the value of -15 + 0 + (18 - 14 - -35)?
24
What is the value of 3 + (1 - 1) - (-61 + 108 - 66)?
22
What is the value of 13 + (-12 - 4) - (-2 + -2)?
1
What is 30 + (-17 - -13) + -19?
7
What is the value of 5 - (14 + -5) - 3 - (-27 - -32)?
-12
Evaluate -9 + 31 + 0 + -9 + 1.
14
11 + (-1 - 3) + -21 + 32
18
-38 - -12 - -24 - (-11 + 0)
9
What is the value of 15 + (-48 - (-23 + 5))?
-15
What is the value of (-31 - -23) + (30 - (5 - (-4 + 12)))?
25
Evaluate -4 + 0 + -16 + -27 + 61 + 0.
14
What is -2 + (-55 - (-59 + 40))?
-38
17 + 0 - (-26 - -43 - 12)
12
Evaluate (-115 - -105) + 11 + 1 + 7.
9
-6 + 18 + (8 - 2) + -11 + 7
14
What is (-9 - -3) + 0 - (-35 - -14)?
15
What is 0 + (-9 - -16) + -15 - (-25 - 0)?
17
-2 + 24 + -20 - 0
2
What is the value of (0 - (3 + -2)) + -2 + 4 - 13?
-12
-13 - -37 - 18 - (-4 + 7 + -1)
4
Evaluate (-4 - 27) + (28 - -16).
13
(-20 - 1) + (-15 + 7 + 6 - -3)
-20
-14 + (22 - -14) + -13
9
Calculate 31 + -1 - (-18 + 7 - -21).
20
Calculate -4 - -5 - (-1 + 2 + -3).
3
What is the value of -25 - ((42 - 65) + 1 + 10)?
-13
Evaluate 55 - 6 - (-360 - -399).
10
What is the value of 7 + (8 - (-7 - -11)) - 19?
-8
Calculate -28 + 15 + -2 + 25.
10
Calculate 81 + -72 + (-3 - (-4 - -5)).
5
(0 - -3) + -15 + 14
2
What is the value of -5 + 25 + -51 - -16?
-15
(3 + 0 - 6) + 2 + (48 - 55)
-8
Calculate 292 + -269 - (26 - -1).
-4
Evaluate 26 - (3 - (-2 + -10)).
11
Evaluate -1103 + 1111 - ((-16 - -1) + 0).
23
What is the value of -3 + -22 + (35 - 18)?
-8
Calculate -1 - -22 - (389 + -370).
2
What is the value of -9 - -18 - 27 - (-8 - 1 - -3)?
-12
What is (-6 - (-11 - -17)) + 15?
3
Calculate (-1 - 2) + (33 - 16) - 34.
-20
What is the value of 10 + -9 + (4 - 8)?
-3
Calculate (-1 - 9) + (28 - (-17 + 57)).
-22
21 - (-7 + (-8 - 0) + (-19 - -27))
28
Calculate -3 + 0 + (-264 - -277).
10
What is the value of 13 - 36 - -12 - -16?
5
What is the value of 1 + 24 - (9 + (-4 - -8) + -6)?
18
What is -4 + 23 + -20 + -1?
-2
What is the value of 0 - 0 - (-259 + 269)?
-10
What is the value of -1 - -10 - (-9 + -4 - -28)?
-6
Evaluate 120 + -136 + 0 + 9.
-7
(7 - 7) + 12 + -2 + 5
15
Evaluate -12 + 0 + 7 + 4 + -6 - -10.
3
Calculate -27 + 25 + 0 + -7 + -2.
-11
What is the value of (-4 - (-1 - 4)) + (-5 - (-24 + 8))?
12
What is -47 + 39 - (-9 - 13)?
14
-1 + 8 - (16 - 1 - (21 + 5))
18
Evaluate -39 - (-12 - 0 - (-201 - -204)).
-24
What is 11 - (62 + (9 - 27) - 14)?
-19
(9 - 5 - -8 - 10) + -21
-19
(-6 - (1 - 5 - -2)) + (36 - 26)
6
Calculate 14 + -14 + (-17 - -33).
16
Calculate (1 - (-2 - 17)) +